 z. What is the highest common divisor of l and 18?
6
Let o = 1165 - 1116. Calculate the greatest common divisor of o and 28.
7
Let d(q) = -14*q**3 + 2*q + 1. Let p be d(-1). Suppose -p*o + 32 = -15*o. Let f be 2 - (-16)/(-4) - o. What is the greatest common divisor of 70 and f?
14
Suppose -3*j - 5*d = -74, 79 + 7 = 5*j - d. Calculate the greatest common divisor of j and 306.
18
Suppose 4*d + 0 = 4. Suppose -3*b = -3*s + 51, 3*s + 0*s + 59 = -2*b. Let r be ((-5 - -2) + 4)/((-2)/b). Calculate the highest common divisor of d and r.
1
Suppose 5*t - 10 = 0, 2*t + 6 = 4*n + 2. Suppose 0 = -0*u - n*u + h + 53, u - 44 = 4*h. What is the greatest common factor of u and 264?
24
Let l(q) = 2*q**3. Let o be l(1). Suppose 5*d = -2*b + 48 + 94, o*b = d - 26. Suppose -13*g = 160 - 251. What is the highest common divisor of d and g?
7
Let g = 1 - 1. Suppose g*h + 12 = 2*h. Let r be ((-8)/(-2))/(1*4/66). What is the greatest common factor of r and h?
6
Let k = -29 - -32. Let q = 62 - 103. Let m = q - -65. What is the highest common factor of m and k?
3
Let l be (6 + -7)/((-2)/(-4)). Let n(d) = 14*d. Let a be n(l). Let i be (a - -3)*-2 + 0. Calculate the greatest common factor of i and 20.
10
Let f = -5 - -14. Let x = f + -13. Let a(d) = -6*d - 2. Let b be a(x). What is the highest common divisor of 11 and b?
11
Let g(a) = 9*a**2 - 7*a**2 + 2 - 3*a**2 + 7*a. Let j be g(9). Let m = j - -17. What is the highest common factor of 1 and m?
1
Suppose 2*s - 4*u = 6, 2*s + 4*u = -29 - 5. Let o(x) = -x - 7. Let d be o(s). Suppose -15 = -l - d. Calculate the highest common divisor of 3 and l.
3
Let k = -18 + 20. Suppose 3*r - 115 = -k*s + 2*r, -4*s + r + 215 = 0. Let g(c) = -c**2 + 22. Let p be g(0). Calculate the highest common factor of s and p.
11
Suppose 32 = 5*t + 3*v - 82, 3*t + 2*v - 68 = 0. Let i be 80 + 13/((-78)/48). What is the highest common divisor of t and i?
24
Suppose 3*x - 1968 = -5*x. Calculate the greatest common factor of x and 6.
6
Let f(v) = 2*v**2 - 3*v + 3. Let m be 1*-3 + 6 + 3 + 0. Let k be f(m). What is the greatest common divisor of 19 and k?
19
Let d = 462 + -341. Calculate the highest common factor of d and 55.
11
Suppose -10806 = -4*v - 4*p + 6*p, -3*p + 5399 = 2*v. Calculate the highest common divisor of v and 37.
37
Let x be (-9)/(45/20) - 5. Let u be (8 - -3) + (-4 - x). Calculate the highest common divisor of u and 128.
16
Let a be ((-25)/10)/((-2)/4). Calculate the highest common divisor of 52 and a.
1
Let p = -49 - -62. Suppose 9*u = p*u - 760. Suppose 4*y - 3*y - 19 = 0. What is the highest common divisor of u and y?
19
Let i be 712/(-5) + (-14)/(-35) + 0. Let j = 247 + i. Calculate the highest common factor of 35 and j.
35
Let r = -536 + 563. What is the greatest common factor of 99 and r?
9
Let k(t) = 97*t. Let v be k(2). Let g = -68 + v. Let y = -31 - -45. Calculate the greatest common factor of y and g.
14
Suppose -j = -6*j + 100. Suppose -53 = -0*r - r. Let s = 57 - r. What is the greatest common divisor of j and s?
4
Let i be 0 - (-8 - -1) - 4. Let t be (i - 156/28)*-7. What is the highest common factor of 18 and t?
18
Let n = 57 + -52. Suppose 121 = k + l, -2*k - n*l = -4*k + 270. Calculate the greatest common factor of k and 25.
25
Let t = 23 - -73. What is the greatest common divisor of 12 and t?
12
Let s be (-20)/(-1) - (-1 + (8 - 5)). Suppose 7 = -0*v + v. Let x = v - 1. Calculate the greatest common divisor of x and s.
6
Let n(j) = -j**2 + 3*j + 2. Let i be n(2). Suppose 8 = -i*h + 72. Calculate the highest common divisor of h and 80.
16
Suppose 1785 - 315 = -7*h. Let v be ((-24)/(-14))/((-12)/h). Calculate the highest common factor of 6 and v.
6
Suppose 0 = 12*k - 7*k - 50. Let i be 4/16*4*3. Let h = i + 67. Calculate the highest common factor of k and h.
10
Suppose 4*y - 5 = 15. Suppose 0 = y*w - 1258 + 98. Let f(c) = -c**2 - 14*c + 5. Let d be f(-12). Calculate the greatest common divisor of w and d.
29
Let y = -25 + 42. Suppose y = k - 9. What is the greatest common factor of 182 and k?
26
Let q = -275 + 367. What is the greatest common factor of 69 and q?
23
Let i = 16 - 12. Suppose -4*w + 12 = -0*w - i*r, -w = r - 3. Suppose -6*s = -s - 120. Calculate the greatest common divisor of s and w.
3
Suppose 4*k + 4*i = 48, 3*k = -4*i + 43 - 5. Let p = 32 - k. What is the greatest common divisor of p and 55?
11
Let d = 571 - 480. What is the greatest common divisor of d and 14?
7
Let g = -21 + 49. Let x(w) = 26*w**2 + 5*w - 3. Let s be (-1 - -3) + (33 - 34). Let n be x(s). Calculate the highest common factor of n and g.
28
Let t(j) = -7*j - 80. Let y be t(-14). Calculate the greatest common divisor of 333 and y.
9
Let x(a) = -6*a - 75. Let z be x(-18). What is the highest common divisor of z and 6?
3
Let o(v) = -v**2 - 10*v - 7. Let t be o(-9). Let a be t - (-360 - 2) - 0. Suppose -l + a = 3*l. Calculate the highest common divisor of l and 13.
13
Let c = -32 + 91. Suppose 2*x - x - 4*p = c, -3*p - 288 = -4*x. Calculate the greatest common factor of x and 25.
25
Suppose -4*j - 8 = 0, v - j + 30 = 2*j. Let b = -35 - v. Let m be (8/5)/(b/5). What is the greatest common divisor of m and 40?
8
Suppose 0 = -5*c - 62 + 2087. What is the greatest common factor of 45 and c?
45
Let h be (16/(-12))/((-4)/6). Suppose -4*x - u + 14 = 0, -h*x + 2*u = -0*u - 12. Suppose -2*q = -x*q + 4. Calculate the highest common factor of q and 2.
2
Let a = 38 - 59. Let b be (54/a)/(5/(-35)). Calculate the highest common factor of 18 and b.
18
Let n(x) = 4*x**2 - 21*x - 12. Let t be n(6). What is the greatest common factor of 186 and t?
6
Suppose 0 = 4*n - 8. Let j be 54/2 - n*1. Suppose -5*d = r - j, 4*d - 33 = -r + d. Calculate the greatest common divisor of r and 15.
15
Let v be (8/6)/((35/(-15))/7). Let z be ((-3)/(6/v))/(6/27). Calculate the highest common divisor of z and 9.
9
Let d be ((1 - 0)*-1)/(63/(-4977)). Calculate the greatest common divisor of d and 632.
79
Suppose -2*t - z = -23, 0 = -2*t + 3*z + 4 + 23. Suppose -3*s + 4*u = -20, -5*u - 1 = -21. Calculate the greatest common factor of s and t.
12
Let d be -1*((-12)/(-22) + 1490/(-110)). Calculate the highest common factor of d and 351.
13
Suppose -174*b + 172*b = -154. What is the highest common factor of b and 28?
7
Let r(f) = f**3 + f**2 - f + 39. Let m be r(0). Let o = -18 + m. Suppose -o = 4*v - 7*v. What is the highest common factor of 49 and v?
7
Let y be 3/((-21)/49) + 22. What is the highest common factor of y and 100?
5
Let v(t) = -t - 18. Let i be v(-4). Let u be (3/24*i)/((-1)/8). Calculate the highest common factor of 56 and u.
14
Let v = 5 - 16. Let k be (1 - (-48)/2)/(12 + v). What is the highest common divisor of k and 5?
5
Suppose 0 = 8*n + 18 - 90. Suppose 0 = -5*j + 3*j + 8. Suppose 3*d = 4*o + 259, -d - j*d + 425 = -5*o. Calculate the greatest common divisor of d and n.
9
Let g(x) = x**3 - 5*x**2 + x + 6. Suppose 4 = t - 0, -s = t - 7. Suppose -s*z + 5*z = 10. Let i be g(z). Calculate the highest common factor of i and 121.
11
Let x(k) = -k**2 - 5*k + 3. Let j be x(-5). Suppose 3*z + 95 = r, -4*z + 0*z = -j*r + 285. What is the highest common factor of 19 and r?
19
Suppose 157*a + 60 = 159*a. Calculate the highest common divisor of a and 10.
10
Let w be ((-24)/(-10))/((-3)/(-30)). Let t(d) = 2*d + 24. Let a be t(-11). Suppose -4*q = a*q - 72. Calculate the greatest common divisor of w and q.
12
Let d(l) = l**3 + 3*l**2. Let n be d(-3). Let z be 64/(-12) - 1/(-3). Let i = n - z. Calculate the highest common divisor of 25 and i.
5
Suppose 0 = 26*b - 80 + 2. What is the highest common factor of 15 and b?
3
Suppose 0 = 1041*k - 1018*k - 368. Let i be 2/(-5) + 1134/(-15). Let n = -52 - i. What is the greatest common factor of k and n?
8
Let a(b) = -4*b - 11. Let k be a(-4). Suppose -f - 43 = -3*d, 22 + 43 = k*d - 3*f. What is the highest common factor of d and 2?
2
Let w = 7 + -9. Let d be (0/(-3))/(-1 + w). Let h = 10 + d. Calculate the highest common factor of h and 110.
10
Suppose 311*q = 323*q - 11232. Calculate the highest common divisor of q and 351.
117
Let n be (-2)/(-4)*(-10 - 40). Let a = n + 35. Let j(i) = 5*i**2 - 6*i - 5. Let b be j(5). What is the greatest common factor of a and b?
10
Suppose 5*b - 48 = 5*x - 33, 5*b = -5*x + 65. What is the highest com